factors of l.
2, 3
Suppose -t - 207 = -2*t. Suppose 0 = 3*x + 42 - t. Suppose -10 = -l + n, 2*l = 2*n - 7*n + x. What are the prime factors of l?
3, 5
Let o(l) = -43*l - 134. What are the prime factors of o(-10)?
2, 37
Let k = 22 - 17. Suppose 2*h - i = -0*h, 3*h = -k*i + 26. Suppose 96 = -h*l + 6*l. List the prime factors of l.
2, 3
Suppose -3*c + 7 = 4*g - 24, -2 = 2*c - 3*g. Suppose 13 = 4*s + c. Let b(x) = 24*x + 3. List the prime factors of b(s).
3, 17
Suppose 4*u + 0*k - 3*k - 1292 = 0, -3*u + 969 = -3*k. What are the prime factors of u?
17, 19
Let r(k) = 26*k**2 + 62*k + 581. List the prime factors of r(-10).
13, 197
Suppose 2*o - 4*b - 1596 = 0, -7*b - 814 = -o - 9*b. What are the prime factors of o?
2, 13, 31
Let h be -3 - -2*2/4. Let w be (16/(-20))/(h/15). Suppose 3*x = j, j + 90 = w*j + 3*x. What are the prime factors of j?
3, 5
Suppose 0 = -4*j - 6*k + 3*k + 7, -25 = -4*j + 3*k. Suppose 5 = -5*t, 0*d - j*t = d + 8. Let c = 4 - d. List the prime factors of c.
2
Suppose 5*l - 4955 = 5*c, 5*c - 1982 = -279*l + 277*l. List the prime factors of l.
991
Suppose -36*x + 32*x + 5440 = 0. List the prime factors of x.
2, 5, 17
Let x = -262 - -120. Let o be x/(-2)*(2 - 1). Suppose 5*v - 59 = o. What are the prime factors of v?
2, 13
Let f(a) = -a**3 + 19*a**2 + 29*a. Let p = 31 + -11. List the prime factors of f(p).
2, 3, 5
Suppose 33 = 2*m - 5*m. Let w = m + 14. Suppose -4*o - w = -219. List the prime factors of o.
2, 3
Let t be (-54)/(-21)*(-14)/2. What are the prime factors of 3/(t/(-8))*1476/24?
2, 41
Let m = -52 - -45. Suppose -15 = 4*y - v, 0 = -0*y - y - 4*v - 8. List the prime factors of 3 + m - -16 - y.
2
Let s(c) = 11*c - 21. Let u be s(16). Suppose -2*d - 1 + u = 0. What are the prime factors of d?
7, 11
Let u = -83 + 31. Let m = 0 + u. Let k = -34 - m. List the prime factors of k.
2, 3
Let d(i) = 13*i**3 - 13*i**2 + 11*i - 13. Let j(z) = 20*z**3 - 20*z**2 + 17*z - 20. Let p(l) = 8*d(l) - 5*j(l). List the prime factors of p(4).
2, 5
Let g(n) = -3*n - 22. Let j be g(-6). What are the prime factors of (15/(-4))/(0 + 1/j)?
3, 5
Suppose 3573 = 5*b + 953. What are the prime factors of b?
2, 131
Suppose -z + 0 = -2*x + 2, -5*z - x - 43 = 0. Let p(t) = -t - 6. Let v be p(z). Suppose -4*g - 1 + 9 = 0, 14 = v*n - 2*g. What are the prime factors of n?
3
Suppose 5 = i + 3. What are the prime factors of -11*3/(-6)*i?
11
Let z(b) = -114*b**3 - b**2 + b + 2. List the prime factors of z(-2).
2, 227
Suppose 2 = -2*b + 10. Suppose m + 14 = -b*m + 3*c, -c - 2 = 0. Let d(n) = 3*n**2 - 9. What are the prime factors of d(m)?
3, 13
Let m = 36 + 10. Suppose -q - 23 = -5*r + 4*r, 2*r = -2*q + m. What are the prime factors of r?
23
Let k(u) = -u**3 + 9*u**2 + 2*u - 3. Let s be k(9). Let a = 1 + s. Let j = -3 + a. What are the prime factors of j?
13
Suppose 6 = -z - 21. Let m = 35 + z. What are the prime factors of (m - -68)/(2 + 0)?
2, 19
Suppose -d = 2*f + 6, -4*d + 4*f = -0*d - 12. Let l be d + 2 + (-4)/(-2). Suppose l*k = i + 2*k - 27, -5*i + 4*k + 105 = 0. List the prime factors of i.
17
Suppose 0 = -2*y + k + 185, 4*k = 4*y - 166 - 206. Let p = -65 + y. List the prime factors of p.
3
Let k(d) = 25*d**3 + 11*d - 8. What are the prime factors of k(2)?
2, 107
Suppose -6*m - 5*m = -803. List the prime factors of m.
73
Suppose 4*s - 33 = -9. Suppose -v = -s*v - 125. Let a = v - -36. What are the prime factors of a?
11
Let t(q) = q**2 - 13*q + 24. Let s be t(11). Suppose -6*w + 4*n + 352 = -s*w, 0 = -4*w - 4*n + 328. What are the prime factors of w?
5, 17
Let i be 1*(0 - 0 - 3). Let j be (-103)/i - (-20)/30. Let q = j + -13. List the prime factors of q.
2, 11
Let o be 6/(-4)*(-32)/(-12). Let t(d) = -d**2 - 8*d - 10. Let u be t(o). Suppose -3*h + 6 = -u. List the prime factors of h.
2
Suppose 12 = 2*t - 0*t. Let k = 3 - t. Let w = 8 + k. List the prime factors of w.
5
Suppose 0 = 5*w - w - 8. Let t be 3*w/6*11. Let d = t + -9. What are the prime factors of d?
2
Suppose -21*l = -17*l. Suppose l = -5*i + 667 + 328. List the prime factors of i.
199
Suppose 22 + 38 = 12*f. Suppose -4*c - f*t - 7 = -224, t = -5*c + 287. List the prime factors of c.
2, 29
Suppose -3*t - 2*t + 13 = -4*b, 0 = 3*b + 5*t - 34. Suppose -3*y = b*m + m + 290, 0 = 2*m - 2*y + 152. Let o = -41 - m. What are the prime factors of o?
3, 11
Let p = -7 + 11. Suppose -3 - p = -m. What are the prime factors of m?
7
Let x = 40 - -226. What are the prime factors of x?
2, 7, 19
Suppose 3*l - 15 + 2 = z, -5*l + 18 = 2*z. Suppose l*f = 10*f - 420. What are the prime factors of f?
2, 5, 7
Suppose 0 = 4*v + 5*s - 780, -210 = -v - 0*s - 5*s. What are the prime factors of v?
2, 5, 19
Let t = -3 + 9. Let o = t - -24. Let d = o - 21. What are the prime factors of d?
3
Suppose 0 = 4*s + 20, w + s = -0*s - 27. Let d = 54 + w. Let u = d + -23. What are the prime factors of u?
3
Let t(b) = -b**3 + 2*b**2 + 21*b + 73. List the prime factors of t(-10).
1063
Let b(v) = 7*v**2 + v - 5. Let j(a) = -a**3 + 9*a**2 + 12*a - 12. Let l be j(10). Suppose -1 = -3*o + l. What are the prime factors of b(o)?
61
Let p be 1125/(-10)*(14/(-10) + -1). Suppose -4*t + p = 5*y, t = -y - 0*y + 68. List the prime factors of t.
2, 5, 7
Let m be (-32 - 2)*3/6. Let i = m - -28. Suppose -j + 0 + i = 0. List the prime factors of j.
11
Let m be (-2)/(-11) - 220/(-121). Suppose 2*z = 2*c - m*z - 58, -z - 127 = -5*c. What are the prime factors of c?
5
Let b(r) = r**3 - 4*r**2 + r - 1. Let v be b(5). Suppose v*f - 255 = 24*f. What are the prime factors of f - -4*(4 - 3)?
5, 11
Let q be -5 - (-1)/(4/(-240)). Let w = q + 74. List the prime factors of w.
3
Let j(q) = 59*q**2 - 26*q - 66. What are the prime factors of j(8)?
2, 17, 103
Let l be 1*6 + 2/(2 + -4). Suppose 70 = 5*r - 5*n, 2*n = -l*r - 10 + 80. What are the prime factors of r?
2, 7
Suppose 23 = 5*j - 2. Suppose -30 = j*s - 235. List the prime factors of s.
41
Suppose n + j - 826 = 0, -1368 - 1951 = -4*n + j. What are the prime factors of n?
829
Let b = 514 + -147. What are the prime factors of b?
367
Let x(n) = -n**3 - 5*n**2 - 6*n + 12. Let l(y) = -4*y**3 - 16*y**2 - 19*y + 37. Let j(s) = 2*l(s) - 7*x(s). List the prime factors of j(3).
2
Let p = 269 - 267. Suppose 2*r - 6*r = -4*x - 116, 93 = 2*r + 5*x. Suppose p*m - r = -0*m. What are the prime factors of m?
17
Suppose 4*g - 1233 = 1355. What are the prime factors of g?
647
Suppose 10*k - 20 = 5*k. Suppose 2*z - k*a = 280, -2*a - 3*a - 418 = -3*z. Suppose 5*b + n - z = -n, 0 = -4*n + 12. List the prime factors of b.
2, 13
List the prime factors of (-13 + 6 - -6)*-43.
43
Let l be 86 + (-6 - (-8)/12*6). Let r = -8 + 13. Suppose 2*j + l = r*j. List the prime factors of j.
2, 7
Let z be -9*((-4)/26 - (-14)/(-78)). Suppose -4*q = 5*m - 204, -3*m = -2*q + z*q - 44. List the prime factors of q.
2, 7
Let w(a) = 5*a**2 - 14*a - 149. What are the prime factors of w(-12)?
739
Suppose -7 + 3 = -2*u. Suppose -16*h - 836 - 572 = 0. List the prime factors of (-368)/h + u/(-11).
2
Let g be 21/56 - 694/16. Let o be 2/(-6) - g/3. Suppose -108 = 12*s - o*s. What are the prime factors of s?
2, 3
Let s be (-217)/42 + 5 + 389/(-6). List the prime factors of 10/s - 10772/(-52).
3, 23
Let v(a) = -a**3 + 15*a**2 + 16*a + 2. Let z be v(16). Let y be z/(-3) - 4/(-6). Suppose -2*n + b - 19 = -126, y = 5*b - 5. List the prime factors of n.
2, 3
Let q be (-30)/(-9) + -3 + 100/(-12). List the prime factors of (125 - q/2) + -1.
2
Let z(j) = 6*j + 1. Let w(u) = -13*u - 2. Let b(c) = 2*w(c) + 5*z(c). List the prime factors of b(6).
5
Suppose 463*q - 904 = 455*q. List the prime factors of q.
113
Suppose i = -g + 4390, -41*g = 3*i - 36*g - 13180. What are the prime factors of i?
5, 877
Let w(z) = -z**2 + 12*z + 6. Let r be w(10). Suppose -4*k + 12 = -y - 12, 0 = 2*k - 4*y - r. Suppose -2*u + k*u = 174. What are the prime factors of u?
2, 29
Let n(i) = -2*i**2 - 13*i - i**3 - 15*i**2 + 3*i**2 + 19. Let z(f) = 7*f - 41. Let j be z(4). What are the prime factors of n(j)?
19
Let h(a) = 3*a. Let j be h(-4). Let s = -4 + j. Let p = 51 + s. What are the prime factors of p?
5, 7
Let p(a) = 15*a + 2. Let n be p(5). Let w = 31 + n. Suppose -w = 5*o - 358. What are the prime factors of o?
2, 5
What are the prime factors of (84/49)/(3 + 2056/(-686))?
2, 3, 7
Let t = 1621 + -